t t(c) = c + 8. Determine t(p).
-5
Let a(w) = -10*w + 2. Let q be a(0). Suppose q*p + 1 = r - 1, 0 = 4*r - 2*p - 26. Let m(j) = j**2 - 7*j. What is m(r)?
8
Let i(p) be the third derivative of p**6/120 + 7*p**5/60 - 5*p**4/12 - 5*p**3/3 + 4384*p**2 - 1. Suppose -v + 2*j + 4 = 2, 3*v - j + 19 = 0. Determine i(v).
6
Let r(b) = -64*b - 3. Let i(m) = 87*m + 5. Let o(a) = -5*i(a) - 7*r(a). Give o(-4).
-56
Suppose 2*d - 4*d = -2*h + 10, 3*d = -3*h + 9. Suppose 4*n = -h*n. Let w(q) be the second derivative of -q**5/20 - q**4/12 + q**2/2 - 3*q. Determine w(n).
1
Let r(i) be the second derivative of -6*i**3 + 38*i**2 - 9725*i. What is r(2)?
4
Let v(m) = -3 - 109*m**2 + 35*m**2 + 39*m**2 + 34*m**2 - m. Suppose -p = -2*p. Suppose 4*o + p*o = -4, -2*x - 7 = o. Give v(x).
-9
Let n(p) = p**3 - 6*p**2 - 10*p + 18. Suppose -21*r + 8 = -45 - 31. Give n(r).
-54
Let v(g) = -5*g + 4 + 12*g - 8*g. Let s = 6511 + -6506. Determine v(s).
-1
Suppose -23 = 10*k - 103. Suppose k*a + 0 = -8. Let q(d) = -29*d**2 - 5*d + 3. Let p(g) = -44*g**2 - 8*g + 5. Let z(f) = 5*p(f) - 8*q(f). Give z(a).
13
Suppose 24 = r - 5*r. Let j(i) = 2 - 4*i**2 - 139*i - 7*i**3 - 128*i + 269*i - 4*i**2. Let c(a) = -a**3 - a**2. Let h(m) = r*c(m) + j(m). What is h(-3)?
5
Let v(n) = -2*n**2 + 11*n + 9. Let l be v(6). Let o(u) = -1 - 10*u - 5*u + 11*u**2 + 3*u + 3783*u**l - 3782*u**3. What is o(-12)?
-1
Suppose -23 = 15*r - 16*r + 4*h, 0 = 4*r + 6*h - 4. Let l(n) = n**3 - 8*n**2 - n. Calculate l(r).
-56
Let v(q) = -28*q - 285. Let l be (520/(-78))/(22/33). Give v(l).
-5
Let i(s) = -3*s**2 + 11*s - 2. Let y be (32/72*-6)/((-6)/(-27)*-3). What is i(y)?
-6
Suppose 110 + 19 = -43*c. Let j(y) be the first derivative of 2*y**3/3 - 3*y - 63. Calculate j(c).
15
Let v(k) = -8*k**2 - 1. Let g(x) = x**2 + 3*x + 2. Let i be g(-3). Suppose -3*b + 5 = 4*u + 16, -2*b + 16 = -i*u. Suppose -3*t = -b - 0. Calculate v(t).
-9
Let j(g) = g**3 - 9*g**2 + 13*g + 4. Let d = 55 - 346. Let k = -284 - d. Calculate j(k).
-3
Let w(g) = g**3 - 2 - 3*g + 5*g + 5 + 2 + 4*g**2. Let d = -24932 - -24928. Determine w(d).
-3
Suppose 188 = -32*z + 6*z - 176. Let h(l) = -2*l - 24. What is h(z)?
4
Let t(b) be the first derivative of -b**6/72 - b**5/60 - 133*b**3/3 + 58. Let m(h) be the third derivative of t(h). Let a = 7 + -5. Give m(a).
-24
Let g(y) = y**3 - 6*y**2 + 2*y + 1. Let p be 2/(-2)*-146*(1 + 0). Suppose 16*j - p = -66. What is g(j)?
-14
Let v(k) = k + 14. Let q be (15/(-30))/(-2*1/356). Let a = 94 - q. Suppose -5*p = 22 + 3, -4*p - 20 = a*b. Calculate v(b).
14
Suppose 5 = 3*q + 2*q - 5*o, 0 = 5*o + 5. Let n(t) = -t**2 + q - 3*t + 0 + 4. Let b be n(-3). Let d(h) = -h**3 + 4*h**2 + 2*h - 6. Give d(b).
2
Suppose 0 = -4*c - 14 + 46. Let m be -4*(10/c)/(-1). Let d(x) = -7*x - 36. Let v(k) = 4*k + 22. Let a(u) = -3*d(u) - 5*v(u). Calculate a(m).
3
Let s(p) = -p**2 + 8*p - 5. Let h(l) be the third derivative of -l**4/24 + 3*l**3 - 20*l**2. Let w be h(10). Let a be 18/w*(-48)/(-18). Determine s(a).
7
Let b(d) = 2141*d - 16 - d**2 - 1050*d - 1075*d. Calculate b(0).
-16
Let v(y) = 1 - y + 4 - 3. Suppose -13 - 14 = -9*w. Suppose 5*m = w*m - 8. What is v(m)?
6
Let d = 12209 - 12203. Let a(v) = v**2 + 18*v - 117. Determine a(d).
27
Let o be -14*((-1)/(-8) + (4 - (-29)/(-8))). Let s(c) = 5*c + 27. What is s(o)?
-8
Let y be (-12)/(-72) - 70/(-12). Let l(d) = -5*d + 0*d + y*d. Suppose -4*k = 5*v - 5*k + 28, -2*v - 3*k = 1. Give l(v).
-5
Let p(y) be the second derivative of y**3/6 - 5955*y. Determine p(-27).
-27
Suppose 3*p + 79 = m, -4*m = 2*p + 45 - 11. Let j(o) = 5*o + 117. What is j(p)?
-8
Suppose 87*i + 427 + 402 = 133. Let z(n) = 3*n - 20. Determine z(i).
-44
Let v(x) = x**2 - 5*x - 3. Let p(z) = -z**3 - z - 11. Let d(b) = -p(b) + v(b). Determine d(2).
12
Let m(q) be the second derivative of -8*q**3/3 - 54*q**2 - 83*q - 20. Give m(-7).
4
Let b(g) = -g**2 + 8*g + 2. Suppose -4*j + 1 + 30 = 3*a, 7 = -a + 3*j. Determine b(a).
17
Let l(x) = x**3 + 9*x**2 + 6*x + 1. Let n = -287 + 127. Let r = n + 152. What is l(r)?
17
Let v(r) = 4*r**3 - 37*r**2 - 12*r. Let s(b) = -9*b**3 + 77*b**2 + 28*b + 2. Let i(z) = 3*s(z) + 7*v(z). What is i(28)?
6
Let m(x) be the first derivative of -x**4/4 + 4*x**3/3 + 13*x**2/2 - 2*x - 8628. Give m(6).
4
Let u(j) be the third derivative of -j**6/720 + 71*j**4/24 - 3*j**2 + 3*j. Let d(f) be the second derivative of u(f). What is d(4)?
-4
Let i(o) = o**2 - 15*o + 55. Let a = -5068 - -5077. Determine i(a).
1
Let m(p) be the third derivative of p**4/3 + p**3/6 + 2*p**2. Let b(y) = y**3 - 4*y**2 + 3*y - 1. Let z be b(1). Give m(z).
-7
Let j be ((-112)/(-3))/(-7)*(-150)/8. Suppose -6*t - 4*t = -j. Suppose 4*u = 2*m - t, -5*u + u = -3*m + 15. Let a(x) = x - 5. Determine a(u).
-5
Let h = 15 + -15. Suppose 4*q - 3*q - 2 = h, q + 4 = r. Let w(z) = 5*z + 6 + 16*z - 3 - 22*z + 0. Give w(r).
-3
Let c(a) = a**3 - 10*a**2 + a - 14. Let q be c(10). Let v be ((-6)/q)/((-9)/(-18)). Let p(b) = v*b**2 + 2*b - 6 - 1 - b - 4*b**2. What is p(0)?
-7
Let h(c) = c**3 - 9*c**2 + 17*c - 10. Let z(a) = -53 + 5*a**2 + 63 - a**3 - 16*a + 12*a**2 - 7*a**2. Let i(d) = 3*h(d) + 4*z(d). What is i(12)?
-2
Let l(h) be the third derivative of h**4/8 - h**3/6 - h**2. Let g be 3/(81/(-12)) - (-188)/18. Suppose 6*r - g = -4. Calculate l(r).
2
Let k(i) = -3*i**2 - 16*i + 4. Let z = 214 - 221. Let a(n) = 5*n**2 + 30*n - 7. Let j(p) = z*k(p) - 4*a(p). Calculate j(7).
-7
Let d(p) = -17*p - 2*p**3 - 4*p**2 - 2*p**2 + 2 + 12*p**2 - 11*p**2 - 15*p**2. Determine d(-9).
-7
Let l(u) be the second derivative of -u**3/6 - 11*u**2 + 1890*u. Calculate l(-25).
3
Let r(f) = 2*f**2 - 4*f. Let d be (5 + 0)*(-14)/(-3 + 17). Determine r(d).
70
Let l(a) = -a - 12 - 8 - 9 - 3 + 29. Let q(m) = 6*m + 20. Let j(t) = -5*l(t) - q(t). Calculate j(-6).
1
Let k(c) = -109 + 4*c + 35 + 56 + 38 - 5*c. What is k(22)?
-2
Let n be (14/(-2))/(-28) + (-7)/(-4). Let a(g) = 2*g**n - 2*g**3 - 77*g + 2 + 38*g + 38*g. Determine a(2).
-8
Let v(g) be the first derivative of g**4/4 - 2*g**3 + 3*g**2 + 10*g + 1464. Determine v(6).
46
Let f(t) be the third derivative of -t**4/2 - 383*t**3/6 - 2122*t**2. Determine f(-32).
1
Suppose 237*f - 2 + 4 = 2. Let j(i) be the third derivative of -1/3*i**3 + 0 + 0*i - 1/120*i**6 - 1/20*i**5 + 6*i**2 + f*i**4. Give j(-2).
-6
Let d(x) = x**3 - 4*x**2 - 4*x - 1. Suppose 7*f - 6*f - 3 = 0. Let y(l) = l + 0*l + 2*l + l**3 - f*l**2 - 8*l. Let o(c) = 5*d(c) - 4*y(c). Determine o(8).
-5
Let f(i) = -i**2 + 4*i - 3. Let r(h) = -52 + 105*h**2 + 2 - 106*h**2 + 17*h. Let o be r(4). Give f(o).
1
Let d(m) be the third derivative of 1/2*m**4 + 14 - 1/60*m**5 + m**2 + 1/2*m**3 + 0*m. Give d(6).
39
Let o(z) = 188*z**2 - 397*z**2 + 4*z**3 - 5 - 6*z + 211*z**2 - 2*z**3. Calculate o(3).
49
Let r(m) = m. Let h(q) = -q**2 - 3*q - 1. Let t(a) = -h(a) + 4*r(a). Let n be ((-16)/6)/((-13)/(117/(-6))). Determine t(n).
-11
Let m(l) = -24 - 2*l**2 - 1318*l - 1334*l + 2666*l. Give m(6).
-12
Let f(b) be the second derivative of -b**6/30 + b**5/120 - b**4/12 + b**3/2 - 2*b**2 - 154*b. Let g(y) be the second derivative of f(y). Calculate g(2).
-48
Suppose -4*s - 6 = -2*s + 3*b, -s + 4*b = -19. Let w be (860/5 - s)/1. Let o(f) = 3 + f**2 + 167*f - w*f - 4 - 4. Give o(7).
30
Let x(v) = 2*v**3 + 69*v**2 + 36*v + 64. Let n = -12005 + 11971. Determine x(n).
-4
Let b(r) = -13*r**3 - 21*r**2 + 45*r + 13. Let q(l) = l**3 + l**2 - 3*l + 2. Let k(o) = b(o) + 12*q(o). Calculate k(-10).
47
Let q(a) be the third derivative of a**6/60 + a**5/4 + a**4/6 - 13*a**3/6 - 13*a**2 + 7*a. Determine q(-7).
8
Let h = 273 - 193. Suppose c = -0*c + 1. Let p(t) = c + h*t**2 - 4*t - 79*t**2 + 1. Give p(3).
-1
Let w(a) = -a**2 + 18*a - 26. Let h be w(9). Let o = -50 + h. Let z(u) be the third derivative of -u**5/60 + u**4/12 + u**3/2 + 8*u**2. What is z(o)?
-12
Let s(d) = d**2 - 48*d + 6. Let i = 9249 + -9201. Give s(i).
6
Suppose -2*c - 3*i = 0, -316*c - 11 = -317*c + 4*i. Let f(u) = 19*u + 2. What is f(c)?
59
Suppose 38*a - 11*a - 114 = -11*a. Suppose -3*r = -4*r + 2. Let p(i) = 179*i**2 - 10*i - 189*i**r + i**a - 2*i**3 - 3. Determine p(-9).
6
Let c(v) be the first derivative of v**3/3 + 13*v**2/2 + 28*v + 804. What is c(-4)?
-8
Let x(j) = -2*j**2 + 50*j - 223. Let o be x(6). Let u(h) = -2*h**2 + 12*h - 12. Determine u(